+ u/8?
0
Let n(d) = 21*d + 9. Let q(s) = 104*s + 45. Let j(b) = 11*n(b) - 2*q(b). What is the units digit of j(3)?
8
What is the units digit of -3 - (6622/(-12) + 10/(-60))?
9
Suppose 5*b - z = 2*z - 79, 4*b - 2*z + 64 = 0. Let l = b + 18. What is the tens digit of 36 + 1 + l - 2?
3
Let a(u) = 15*u**2 - 7*u - 2. Let k be a(-5). What is the hundreds digit of ((-12)/(-16))/(-2 - (-818)/k)?
1
Suppose 0 = 5*i + 3*b - 2271, -9*i = -11*i - 2*b + 906. What is the hundreds digit of i?
4
Let m(k) = -k**3 - 7*k**2 + 10*k + 9. Let v be m(-8). Let o(b) = -3*b + 8. What is the tens digit of o(v)?
2
Let y be (-1 + 3 + -5)/(-1). Let i(r) = r**3 - r**2 - 5*r + 2. Let q be i(y). Suppose -q*s + 110 = -5. What is the units digit of s?
3
Let n = -52 - -54. Suppose -w - 23 = -n*w. What is the units digit of w?
3
Let c(i) = -10*i**3 - 10*i**2 + 4*i + 6. Let z(j) = 3*j**3 + 3*j**2 - j - 2. Let s(q) = 6*c(q) + 21*z(q). What is the hundreds digit of s(4)?
2
Suppose 0 = 3*h - 55 + 4. Let n = h - 12. Suppose 7 = -w - 2*p, -3*w - n*p - 17 + 0 = 0. What is the units digit of w?
1
What is the units digit of (60/42)/(13/1729)?
0
Let b(z) be the third derivative of -z**6/120 - z**5/5 + z**4/12 + 2*z**2. What is the units digit of b(-13)?
3
Let d = 2523 + -1697. Suppose 3*l + 2*v = 2*l + 170, 5*l - d = -2*v. What is the units digit of l?
4
Suppose 0 = v + 2 - 1, 4*w = -5*v - 1. What is the units digit of -4 - (w/6 - (-2829)/(-18))?
3
Let d(m) = -5*m**2 + 4*m + 4. Suppose 0 = -3*i + 4 - 13. Let a be d(i). Let y = 100 + a. What is the units digit of y?
7
Let l(r) = r**3 + 11*r**2 + 11*r + 8. Let h(z) = 3*z**3 + 34*z**2 + 33*z + 25. Let j(i) = 2*h(i) - 7*l(i). What is the units digit of j(-8)?
8
Let w = 1208 - 476. What is the tens digit of w?
3
Suppose 1764 + 5500 = 8*v. What is the tens digit of v?
0
Suppose l + 6 = -1. What is the tens digit of l/(21/9)*5*-5?
7
Let o(f) = -4 + 2 + 3*f - 2 - f**2 + 2. Let q be o(4). What is the tens digit of (3 + 21/q)*-48?
2
Suppose 3 = 3*y + 5*g - 2, 5*y - g - 27 = 0. Suppose y*v - 5*t = -10*t + 460, 0 = 2*v - 2*t - 192. What is the units digit of v?
4
Let z be (-1720)/(-2) - (-6 - -6 - -4). Suppose 2*g = 4*l - z, -2*l = l - 3*g - 636. What is the units digit of l?
6
Let i = -17 + 21. Suppose 2*b + 0*q = -2*q + 162, i*b - 3*q - 345 = 0. Suppose 0 = 4*c + 3*o + 5 - b, 2*o + 72 = 3*c. What is the units digit of c?
2
Suppose -57 - 13 = -5*h. Suppose 0 = -d + 2 + h. Suppose 5*m - d = -n, -2*m - 2*m + 38 = 2*n. What is the units digit of n?
1
Let u = 46 + -46. Suppose z + u*z = 183. What is the hundreds digit of z?
1
Let x = 3 + -3. Suppose 2*g - 136 = -x*g. Suppose -4*t + g = 8. What is the units digit of t?
5
Suppose 4*g = -u + 53, -93 = -2*u - g + 6*g. Suppose -3*q = c - u, 1 = 3*q - 2*q. What is the units digit of -4 + 1 + c + 5?
8
Let i be -20 - (3 + -2 - -3). Let c be (108/(-48))/(1/i). What is the units digit of ((-18)/c)/((-2)/108)?
8
Suppose 6*s = -2*f + 4*s + 3468, 8679 = 5*f - 4*s. What is the hundreds digit of f?
7
What is the tens digit of 186 - (-5 + 6)*-3?
8
Suppose -176 - 2332 = 11*h. Let o = 456 + h. What is the units digit of o?
8
Let n(g) = -2*g**3 - 10*g**2 + 8*g - 8. Let b be n(-6). Let l(h) = -h**2 + 37*h - 29. What is the hundreds digit of l(b)?
3
Let h = -8 + 11. Let y(k) = -k**3 + 40*k**2 - 2*k - 17*k**2 - 13*k**2 - 6*k**2. What is the units digit of y(h)?
3
Suppose 9*w - 7259 = 2065. What is the units digit of w?
6
What is the hundreds digit of 3*-1 + (-4 - -16 - -688)?
6
Let h = 1634 - -1922. What is the thousands digit of h?
3
Let f be 6/(-27) - 152/(-36). Suppose f*w - 2*w = 3*l - 307, -4*l - w + 413 = 0. What is the hundreds digit of l?
1
Let s(v) = -v + 6. Let w be -14*3*(-16)/28. Suppose -m + 4*m + 3*g = -w, -24 = 3*m - 4*g. What is the tens digit of s(m)?
1
Let t(s) = -s**3 + 3*s**2 - 4. Let q be t(3). Let m be -14 - (1 + q - 0). Let p = 7 - m. What is the tens digit of p?
1
Suppose 2*p - 5*d - 369 = 0, -6*p = -5*p + 3*d - 212. Suppose 5*c = -2 + p. What is the units digit of c?
9
Suppose 17*k - 16*k - 2 = 0. Suppose m + k*m - p = 182, 4*m + p = 231. What is the units digit of m?
9
Suppose 701 = u - 405. What is the tens digit of 6/(-10) - u/(-35)?
3
Suppose 0*l - 2*l - 3*p + 6 = 0, 4*l + 5*p - 12 = 0. Suppose -7 = l*r - 28. What is the units digit of r?
7
Let s = 915 - 83. What is the hundreds digit of s?
8
Suppose 3105 = n + o, 15*n + 6240 = 17*n - 4*o. What is the hundreds digit of n?
1
Let v = 5831 - 3507. What is the hundreds digit of v?
3
Let t = 44 + -19. Suppose a - t = -4*a. Suppose a*l - j - 138 = 0, 2*l - 34 = l - 3*j. What is the units digit of l?
8
Let v = 83 - 217. What is the units digit of 4*(-7)/(-84) + v/(-3)?
5
Let b(l) = -2*l + 2. Let g be b(1). Suppose 5*o + 4*s + 32 = g, o = -o - 5*s - 23. What is the tens digit of (-14)/6*(o - 5)?
2
Suppose -4*l - 5*d + 4 = 0, -4 - 1 = -5*l - 2*d. Let w be ((1 + 20)/3)/l. Suppose 3*p - w*p = k - 164, -4*k + 96 = 2*p. What is the tens digit of p?
4
What is the hundreds digit of ((-264)/36)/11 + 4379/3?
4
Let i(k) = 32*k**2 + 5*k - 2*k + 2 - 10*k**2. Let q be i(-1). What is the units digit of (-32)/(-14) - 6/q?
2
Let b(m) = 2*m - 15. Let x be b(9). Let u(c) = -x + 2*c - 2 - 3*c - c**3 + 6*c**2 + 0*c**3. What is the units digit of u(4)?
3
Let l be 1*(2 - 4) - -4. Suppose 4*c + 20 = 5*z, -2*c = l*z - 6 - 2. What is the units digit of z?
4
Suppose -x = -3*s + 3, -s - 7 = 2*x - 15. Suppose 0 = r + 3, -s*t = -r - 0*r - 107. What is the units digit of t?
2
Let h be -1 + -1 + -7 + 6. Let s = h + 6. Suppose -7*c + 76 = -s*c. What is the units digit of c?
9
Suppose 5*x = 3*g - 7*g - 317, g - x = -77. Let k be g/(-21) + 4/14. What is the units digit of 2*1 - (k + -7)?
5
Let m be 1/1 + -4 - -5. Let n(o) = o + o**3 - 2*o + 0*o - 2*o**2 - m + 4*o. What is the units digit of n(2)?
4
Suppose 14*w + 240 = 62*w. What is the units digit of w?
5
Let u(w) = -6*w + 2. Let l be u(-1). Suppose l*x - 148 = 68. What is the tens digit of (-18)/x*(-144)/2?
4
Suppose -3*d + 5*k = -500, -2*d - 5*k + 169 = -181. What is the hundreds digit of d?
1
What is the units digit of (3016/87)/((-2)/(-42))?
8
Let a be 4/26 - (-5960)/130. Suppose -2*u + 2 - 8 = -4*f, -5*f + u = -3. Suppose f = 4*g + 3*h - a - 34, 5*g = 2*h + 123. What is the tens digit of g?
2
Let d = -248 + 463. What is the units digit of d?
5
Let w(i) = -i**3 + 9*i**2 - 3*i - 10. Let k be w(8). Let n(h) = 6*h**2 + h - 2. Let r be n(1). Suppose 3*f = r*f - k. What is the units digit of f?
5
Let n(v) = 6*v**2 - 13*v + 105. What is the units digit of n(11)?
8
Let h(z) = 18*z**2 + 14*z + 20. What is the tens digit of h(9)?
0
Let w(v) = -30*v**3 + 12*v**2 + 40*v - 8. What is the hundreds digit of w(-5)?
8
Let r(o) = -o**3 + 2*o**2 + 5*o + 9. Let i be r(4). What is the tens digit of ((-61)/(-1))/((-3)/i)?
6
Suppose -152 = -7*s + 163. Suppose -371 = -2*p + 5*c, -2*p - s + 410 = -3*c. What is the hundreds digit of p?
1
Let k(s) = -s**2 - 8*s + 8. Let z be k(-9). What is the tens digit of (1*-42)/z - -2?
4
Let j = 7 + 49. What is the tens digit of 4354/j - 2/(-8)?
7
Suppose o - 25 = -7. Let s = o + 5. Let i = s - 9. What is the tens digit of i?
1
Let r = 3991 + -1932. What is the hundreds digit of r?
0
Let s be -2*2/(-4) + 1. Suppose -3*j + 18 = -s*j. What is the tens digit of j*(-4)/36*-6?
1
Suppose -3 = 3*m + 3*a, 9 = 5*m - 2*a - 0*a. What is the tens digit of 2*43/2*m?
4
Let x(d) = 4*d**2 + d - 6. Let w(h) = -h**2 + h + 1. Let b(i) = 5*w(i) + x(i). Let a = -4 + 8. What is the units digit of b(a)?
7
Let p be 100/(-3)*(-15)/5. Suppose 5*q - 535 = -5*n, q - 19 = -4*n + p. Let d = q - 63. What is the tens digit of d?
4
Suppose 3*u + 3*u - 1932 = 0. Suppose 0 = s + 5*y - 65, 4*y + u = 5*s + 55. What is the tens digit of s?
5
Let p(v) = v**3 - 15*v**2 - 10 + 4 + 20*v - 3. What is the units digit of p(14)?
5
Let t(h) be the second derivative of h**4/3 + h**3/2 + 6*h. Let l be t(3). What is the units digit of (-3 - 0 - -1) + l?
3
Let r(g) = -2*g**3 - 26*g**2 - 6*g - 3. What is the units digit of r(-13)?
5
Let d = 655 + -231. What is the units digit of d?
4
Suppose 0 = -2*z + 3*t - 0*t + 3, 0 = z + 3*t + 21. Let o(g) = g**2 + 6*g - 4. Let h be o(z). What is the units digit of (-92)/(-22) + h/22?
4
Suppose -4167 + 1203 = -3*t. What is the tens